 y a multiple of 10?
True
Suppose -g + 68 = g. Let q = g - 21. Is 7 a factor of q?
False
Let w be 6/21 + 519/21. Suppose -w = -2*a - 3*a. Is (-12)/20 - (-28)/a a multiple of 2?
False
Let n(j) = -j**3 + 13*j**2 - 25*j + 5. Is n(10) a multiple of 16?
False
Let i(h) be the first derivative of -27*h**2/2 + 3*h - 2. Let x be i(-3). Is (x/(-10))/(9/(-30)) a multiple of 9?
False
Let s = 7 + -3. Suppose -s*z + 45 = 3*a, 0 = 2*z - 1 - 5. Does 7 divide a*3/(5 - 2)?
False
Let o(w) = -w**2 + w + 2. Let t be o(-2). Let y be (-2)/t*8*-2. Let g = 17 + y. Does 7 divide g?
False
Let p = 2 - -1. Let s be (2/p - 0)*15. Is (2 + -2 - -1)*s a multiple of 7?
False
Let v(z) = 522*z. Let p(l) = 36*l. Let n(u) = 72*p(u) - 5*v(u). Does 18 divide n(-2)?
True
Let g = 24 + -20. Is 9 a factor of g + (-20)/(8/(-4))?
False
Let r(d) = 4*d - 1. Let s be r(-8). Let o = -19 - s. Suppose -3*p - o = -41. Does 9 divide p?
True
Suppose 4*c + 4 = 32. Does 5 divide c?
False
Let m(d) = -4*d**3 - d**2 - d + 0 - 2 + 0. Let v be m(2). Let u = -27 - v. Is 13 a factor of u?
True
Suppose -5*r + 2*r + 6 = 0. Suppose -3 = -r*v + 3. Suppose -i + 4*d = -4*i + 92, 0 = 5*i - v*d - 192. Is i a multiple of 12?
True
Suppose d - 5 = -3. Suppose 33 = j + d*j. Let a = j + 46. Does 19 divide a?
True
Let x(j) = j**3 + 6*j**2 - j - 2. Let i be x(-3). Suppose 5*o = 6*c - 5*c - 13, -4*c + i = 4*o. Does 3 divide c?
False
Let f = 13 - -27. Does 8 divide f?
True
Is (-2 + (-96)/(-28))*35 a multiple of 27?
False
Suppose -2*g + 5*j + 113 = 4*j, 4*g - j = 221. Is 27 a factor of g?
True
Let w = 36 - 11. Is 22 a factor of w?
False
Suppose -5*f + 115 = 5*r, 0*f - r = 3*f - 77. Is f a multiple of 5?
False
Let a(w) = -w**2 + 6*w - 2. Let q be (-10)/(1*(-5 + 3)). Is 2 a factor of a(q)?
False
Suppose 4*u + 308 = 4*o, -2*u = -5*u + 6. Does 35 divide o?
False
Let w be 6/(-1 - 2) - -394. Suppose -w + 128 = -4*s. Does 11 divide s?
True
Let p(i) = -6 + 3*i + 0*i - 4*i + 3*i. Is p(10) a multiple of 7?
True
Let n(b) = b**2 + 3*b + 4. Let v be n(-6). Suppose -5*m - 4*s = -21, -4*m - 3*s = m - v. Suppose -2*u + 26 = 3*p, m*p - u + 5*u = 42. Does 5 divide p?
True
Let z(i) = -5*i**3 - 2*i**2 - 4*i - 1. Does 16 divide z(-3)?
True
Suppose 4*g + 1 + 13 = o, 3*o + 3*g - 72 = 0. Is 22 a factor of o?
True
Let m = -3 + 7. Suppose -t - 4 = 0, -o = 2*t - m*t - 47. Is 13 a factor of o?
True
Suppose -5*d + 67 = 4*p, -4*p - 5*d = -d - 68. Is p a multiple of 6?
True
Is (18 + 0)*(-48)/(-18) a multiple of 24?
True
Let v(z) = -z**2 - 13*z + 10. Let k be v(-10). Let i be ((-10)/(-8))/(2/k). Suppose -2*f + 41 = 5*q, -2*q - i = -7*q. Is f a multiple of 4?
True
Suppose -4*l + 42 = 4*m - 2*l, -m + 3 = 3*l. Suppose 0 = -4*x - 3*s + 2 - m, -3*s = 2*x + 2. Does 4 divide 3/((-6)/x) - -2?
True
Is 73 + 3 - (-2 - 2/1) a multiple of 16?
True
Let u be (-6)/8 + (-92)/(-16). Suppose 10 = 4*n - 5*d - 5, 3*n + u*d = 20. Suppose -n*o + 3*l = -30, o - 24 = -l - 2*l. Is 7 a factor of o?
False
Let l(p) = -2*p - 2. Let u be l(-3). Suppose q - u*q = -21. Suppose 4*f - q = 5. Does 2 divide f?
False
Let q = -12 + 35. Is q a multiple of 4?
False
Suppose s + 13 = -18. Suppose -3*t - 4*c + 157 = 0, 3*t + 51 = 4*t + c. Let o = t + s. Is 8 a factor of o?
True
Does 19 divide (-666)/(-8) - (-6)/8?
False
Let i(s) = s**3 + 11*s**2 - 13*s - 15. Is i(-11) a multiple of 16?
True
Suppose -z = z - 6. Is 3 a factor of z + (8 - (-6)/(-2))?
False
Let i(u) be the third derivative of -u**6/72 + u**5/40 + u**4/6 - u**2. Let v(d) be the second derivative of i(d). Is v(-3) a multiple of 13?
False
Let c(x) = -x**2 - 5*x - 6. Let w be c(-6). Let a = 45 + w. Does 16 divide a?
False
Is 7 a factor of 1 - 3 - -1 - (-95 + 3)?
True
Suppose -2*v = -v - 1. Let a be (-2 - (-4)/2)/v. Suppose a = 3*l + 4*j - 31, -3*l + l + 44 = -2*j. Does 10 divide l?
False
Let g be (3 - 30/8)*-4. Suppose 54 = 4*p - g*h, -3*h = -5*p + 89 - 20. Is p a multiple of 5?
True
Suppose 2*i + 134 = u, i = 2*u - i - 278. Suppose 3*w + 108 = -2*l - l, 0 = -4*w - 2*l - u. Is 9 a factor of (0 + 1/(-2))*w?
True
Let x = 2 - 0. Suppose x*f - 50 = f. Suppose 105 = 5*l - f. Is 12 a factor of l?
False
Suppose 4*u + 13 = -23. Let g be (u/(-6))/(6/16). Suppose 7 = r - 2*b - 0*b, g*b - 40 = -4*r. Is r a multiple of 9?
True
Is (0 - -1) + 43/1 a multiple of 13?
False
Suppose -s = -5*j + 111, 0 = 3*j - 2*j - 4*s - 7. Is 13 a factor of j?
False
Let h(j) = -3*j - 2. Let p be h(-2). Suppose -p*o - 4 = 3*t, 4*o = 3*t + 2*t - 36. Suppose 5*y - 37 = t*n, -5*y + 3*n + 13 = 7*n. Is 4 a factor of y?
False
Suppose 4*g = x + 3, 2*g + 3*x - 21 = -g. Suppose -p + g*m + 9 = 0, -4*p + 3 = m - 15. Suppose 0 = -b - 3*f + 21, 0*b = -p*b + 3*f + 123. Is b a multiple of 19?
False
Suppose 3*f + n - 10 = -f, -3 = -3*f - 3*n. Is 15 - (3 - f)*-1 a multiple of 5?
True
Let n(r) = -21*r**2 - 3*r - 1. Let w(l) = -l**2 + l. Let z(h) = -n(h) - 4*w(h). Let j(q) = -q**2 - 8*q + 1. Let k be j(-8). Does 21 divide z(k)?
False
Suppose 40 + 8 = f. Suppose -h - 4*y - 28 = 0, -3*h - 2*y + 5*y = 84. Let d = f + h. Does 11 divide d?
False
Suppose -2*c - 14 = 2*r, -4*c - 22 = r - 3*r. Let h(q) = q. Let y(m) = 9*m. Let x(u) = 14*h(u) - 2*y(u). Is x(c) a multiple of 12?
True
Suppose 0 = 3*b + b + u - 208, 277 = 5*b - 3*u. Does 6 divide b?
False
Let q(l) = -3*l - 7. Does 2 divide q(-4)?
False
Suppose 3*l = -5*f + 91, 0 = 4*l - 3*l - f - 17. Let v be ((1 - 1) + -1)*-7. Let a = l - v. Does 14 divide a?
False
Let m = -14 + 75. Is m a multiple of 16?
False
Suppose 3*t = 58 + 110. Is t a multiple of 28?
True
Suppose 200 + 160 = 5*i + 5*p, -2*p = -2*i + 136. Is i a multiple of 10?
True
Suppose -5*a + 196 = 36. Suppose -4*z = -2*h + a, -h + 0*z + 24 = 2*z. Is 16 a factor of h?
False
Suppose -k + 46 = 4*a - 3*a, 230 = 5*a - 4*k. Is 14 a factor of a?
False
Let w be (-32)/(-176) + 35/(-11). Let b be 6/(0 + 3/6). Let m = b + w. Is 9 a factor of m?
True
Let t be (3/(-3))/(1/(-68)). Does 14 divide 4/10 - t/(-5)?
True
Suppose 0 - 28 = 2*d. Let h(i) = i**3 + 2*i**2 - 2*i + 2. Let z be h(2). Is (-4)/d + 304/z a multiple of 11?
True
Let p(j) = 2*j**2 + j + 331. Is p(0) a multiple of 14?
False
Suppose v = p + p, -3*p = 3*v - 18. Suppose 2*z = -16 + v. Let j(c) = -3*c + 5. Is j(z) a multiple of 10?
False
Let u be ((-55)/(-2))/(3/6). Suppose -3*w = -2*s + 36, -s = 2*s - 4*w - u. Suppose s = -0*n + n. Is 11 a factor of n?
False
Suppose -3*f = -45 - 27. Does 5 divide f?
False
Suppose 2*g + 0*g = 224. Let r = -61 + g. Does 16 divide r?
False
Let j(p) be the third derivative of 5*p**4/24 + p**3/6 - p**2. Let s be j(1). Does 19 divide 118/s - (-4)/(-6)?
True
Suppose 0 = 4*r - 4*a - 1372, 5*a + 936 = 3*r - 99. Does 17 divide r?
True
Does 25 divide 1 + (-83)/(-2) + 7/(-14)?
False
Let p(d) = d**2 - d - 4. Let z be p(0). Let c(j) = -8*j - 6. Is 12 a factor of c(z)?
False
Suppose 5*j - 10 = -0. Let f = j + 0. Does 19 divide (-1)/2 + 77/f?
True
Let w be (0 + 3)/((-9)/6). Let s = w + 6. Is 4 a factor of s?
True
Let d be 6/15 - (-46)/10. Suppose 9*t - d*t = 60. Does 5 divide t?
True
Let w(y) = -y**2 - 9*y + 6 + 2*y**3 - y**3 + 5*y. Is 24 a factor of w(5)?
False
Let q = -3 - -7. Suppose 0*m = q*m - a - 63, -3*a - 9 = 0. Let v = -8 + m. Is 3 a factor of v?
False
Suppose g - 412 = -g - 2*a, 0 = -4*g - a + 824. Is 24 a factor of g?
False
Let t = -18 - -7. Let u = t + 5. Is 2/4 + (-45)/u a multiple of 5?
False
Let z(s) be the third derivative of s**4/12 - 2*s**3/3 - s**2. Let p be z(4). Suppose -p*i + 142 = 14. Does 16 divide i?
True
Does 8 divide (60/(-25) + 4)*20?
True
Let r = -13 + 41. Suppose r - 193 = -3*a - 2*y, -5*a + 275 = 4*y. Is a a multiple of 21?
False
Suppose -3*m - 3*y = -0*m - 129, -5 = -5*y. Does 14 divide m?
True
Let l = -201 + 305. Is 26 a factor of l?
True
Let y = -88 - -50. Let i = y + 67. Does 19 divide i?
False
Let t(c) = -13*c - 20. Is 8 a factor of t(-5)?
False
Let g = -20 + -10. Suppose 0 = 5*y + 43 + 27. Let k = y - g. Is k a multiple of 16?
True
Suppose -5*o = -488 - 232. Does 16 divide o?
True
Let s(h) = h**2 - 3*h - 4. Let r be s(5). Let i be 4/10 + 324/(-10). Does 13 divide (i/r)/(1/(-3))?
False
Let q = 13 - 8. Suppose 4*h = 3*t + 2*t + 78, -99 = q*t + 3*h. Is 11 a factor of (132/t)/(1/(-3))?
True
Let v = -15 - 5. Let a be ((-24)/v)/((-6)/(-380)). Suppose a = z + 3*z. Does 19 divide z?
True
Suppos